{"id":3260,"date":"2021-11-24T15:11:29","date_gmt":"2021-11-24T14:11:29","guid":{"rendered":"https:\/\/us.edu.pl\/instytut\/ifiz\/?page_id=3260"},"modified":"2022-03-08T14:19:46","modified_gmt":"2022-03-08T13:19:46","slug":"konferencje","status":"publish","type":"page","link":"https:\/\/us.edu.pl\/instytut\/ifiz\/nauka\/zespoly-badawcze\/poszukiwania-nowych-rozwiazan-w-interdyscyplinarnych-naukach-medycznych-przy-zastosowaniu-metod-fizyki-jadrowej\/konferencje\/","title":{"rendered":"Konferencje"},"content":{"rendered":"<p>[vc_row][vc_column]\r\n                <div class=\"text-modules\">\r\n                    <div class=\"container\">\r\n                        <h3 class=\"page-title text__title\">Konferencje<\/h3>\r\n                        <div class=\"text-modules__content\"><p><b>XLVI Nadzwyczajny Zjazd Fizyk\u00f3w Polskich Polskiego Towarzystwa Fizycznego, Warszawa 16 \u2013 18 pa\u017adziernik 2020.<br \/>\n<\/b><i>Prezentowane tematy<\/i>:<\/p>\n<ol>\n<li style=\"list-style-type: none;\">\n<ol>\n<li>Identyfikacja s\u0142abego pola neutronowego w sterowniach akcelerator\u00f3w medycznych za pomoc\u0105 spektroskopii gamma. (Prezentacja posterowa)<br \/>\nAutorzy: A. Konefa\u0142, M. Bieniasiewicz, J.Wendykier<br \/>\n<a href=\"https:\/\/us.edu.pl\/instytut\/ifiz\/wp-content\/uploads\/sites\/39\/Zespoly-badawcze\/A_Konefal\/AK_pl.pdf\" class=\"mtli_attachment mtli_pdf\" data-mtli=\"mtli_filesize529,04kB\" class=\"mtli_attachment mtli_pdf\" data-mtli=\"mtli_filesize529,04kB\"> PDF_pl<\/a><a href=\"https:\/\/us.edu.pl\/instytut\/ifiz\/wp-content\/uploads\/sites\/39\/Zespoly-badawcze\/A_Konefal\/AK_ang.pdf\" class=\"mtli_attachment mtli_pdf\" data-mtli=\"mtli_filesize407,71kB\" class=\"mtli_attachment mtli_pdf\" data-mtli=\"mtli_filesize407,71kB\"> PDF_ang<\/a><\/li>\n<li><sup>117m<\/sup>Sn \u2013 isomer j\u0105drowy cyny nadziej\u0105 diagnostyki. (Prezentacja posterowa)<br \/>\nAutorzy: N. M\u0142y\u0144czyk, A. Konefa\u0142<br \/>\n<a href=\"https:\/\/us.edu.pl\/instytut\/ifiz\/wp-content\/uploads\/sites\/39\/Zespoly-badawcze\/A_Konefal\/NM_pl.pdf\" class=\"mtli_attachment mtli_pdf\" data-mtli=\"mtli_filesize468,35kB\" class=\"mtli_attachment mtli_pdf\" data-mtli=\"mtli_filesize468,35kB\"> PDF_pl<\/a> <a href=\"https:\/\/us.edu.pl\/instytut\/ifiz\/wp-content\/uploads\/sites\/39\/Zespoly-badawcze\/A_Konefal\/NM_ang.pdf\" class=\"mtli_attachment mtli_pdf\" data-mtli=\"mtli_filesize361,88kB\" class=\"mtli_attachment mtli_pdf\" data-mtli=\"mtli_filesize361,88kB\"> PDF_ang<\/a><\/li>\n<\/ol>\n<\/li>\n<\/ol>\n<p>\n<style type=\"text\/css\">a[data-mtli~=\"mtli_filesize529,04kB\"]:after {content:\" (529,04 kB)\"}a[data-mtli~=\"mtli_filesize407,71kB\"]:after {content:\" (407,71 kB)\"}a[data-mtli~=\"mtli_filesize468,35kB\"]:after {content:\" (468,35 kB)\"}a[data-mtli~=\"mtli_filesize361,88kB\"]:after {content:\" (361,88 kB)\"}<\/style><\/div>\r\n                    <\/div>\r\n                <\/div>[\/vc_column][\/vc_row]<\/p>\n<style type=\"text\/css\">a[data-mtli~=\"mtli_filesize529,04kB\"]:after {content:\" (529,04 kB)\"}a[data-mtli~=\"mtli_filesize407,71kB\"]:after {content:\" (407,71 kB)\"}a[data-mtli~=\"mtli_filesize468,35kB\"]:after {content:\" (468,35 kB)\"}a[data-mtli~=\"mtli_filesize361,88kB\"]:after {content:\" (361,88 kB)\"}<\/style>","protected":false},"excerpt":{"rendered":"<p>[vc_row][vc_column][\/vc_column][\/vc_row] [&#8230;]<\/p>\n<p><a class=\"btn btn-secondary understrap-read-more-link\" href=\"https:\/\/us.edu.pl\/instytut\/ifiz\/nauka\/zespoly-badawcze\/poszukiwania-nowych-rozwiazan-w-interdyscyplinarnych-naukach-medycznych-przy-zastosowaniu-metod-fizyki-jadrowej\/konferencje\/\">Read More&#8230;<\/a><\/p>\n","protected":false},"author":104,"featured_media":0,"parent":1430,"menu_order":60,"comment_status":"closed","ping_status":"closed","template":"page-templates\/page-with-sidebar.php","meta":{"_expiration-date-status":"saved","_expiration-date":0,"_expiration-date-type":"","_expiration-date-categories":[],"_expiration-date-options":[]},"acf":[],"_links":{"self":[{"href":"https:\/\/us.edu.pl\/instytut\/ifiz\/wp-json\/wp\/v2\/pages\/3260"}],"collection":[{"href":"https:\/\/us.edu.pl\/instytut\/ifiz\/wp-json\/wp\/v2\/pages"}],"about":[{"href":"https:\/\/us.edu.pl\/instytut\/ifiz\/wp-json\/wp\/v2\/types\/page"}],"author":[{"embeddable":true,"href":"https:\/\/us.edu.pl\/instytut\/ifiz\/wp-json\/wp\/v2\/users\/104"}],"replies":[{"embeddable":true,"href":"https:\/\/us.edu.pl\/instytut\/ifiz\/wp-json\/wp\/v2\/comments?post=3260"}],"version-history":[{"count":0,"href":"https:\/\/us.edu.pl\/instytut\/ifiz\/wp-json\/wp\/v2\/pages\/3260\/revisions"}],"up":[{"embeddable":true,"href":"https:\/\/us.edu.pl\/instytut\/ifiz\/wp-json\/wp\/v2\/pages\/1430"}],"wp:attachment":[{"href":"https:\/\/us.edu.pl\/instytut\/ifiz\/wp-json\/wp\/v2\/media?parent=3260"}],"curies":[{"name":"wp","href":"https:\/\/api.w.org\/{rel}","templated":true}]}}