{"id":4325,"date":"2022-11-08T13:33:11","date_gmt":"2022-11-08T12:33:11","guid":{"rendered":"https:\/\/us.edu.pl\/instytut\/ifiz\/?page_id=4325"},"modified":"2023-01-19T13:03:42","modified_gmt":"2023-01-19T12:03:42","slug":"podsumowanie","status":"publish","type":"page","link":"https:\/\/us.edu.pl\/instytut\/ifiz\/energia-dla-wszystkich-2022\/podsumowanie\/","title":{"rendered":"Podsumowanie"},"content":{"rendered":"<p>[vc_row][vc_column]\r\n                <div class=\"text-modules\">\r\n                    <div class=\"container\">\r\n                        \r\n                        <div class=\"text-modules__content\"><p>Za nami wydarzenie \u201eEnergia dla wszystkich\u201d\u00a0 organizowane przez Instytut Fizyki im. A. Che\u0142kowskiego Wydzia\u0142u Nauk \u015acis\u0142ych i Technicznych U\u015a oraz Polskie Towarzystwo Fizyczne oddzia\u0142 w Katowicach w ramach trwaj\u0105cych w roku 2022 obchod\u00f3w upami\u0119tniaj\u0105cych dwusetn\u0105 rocznic\u0119 urodzin patrona przemys\u0142u naftowego i gazowniczego Ignacego \u0141ukasiewicza.<\/p>\n<p>Uczestnicy wydarzenia mieli okazj\u0119 wys\u0142ucha\u0107 ciekawych wyk\u0142ad\u00f3w dotycz\u0105cych energii, sposob\u00f3w jej wytwarzania, przetwarzania czy magazynowania. Du\u017ca cze\u015b\u0107 wyk\u0142ad\u00f3w dotyczy\u0142a energetyki j\u0105drowej, w\u015br\u00f3d wyk\u0142ad\u00f3w pojawi\u0142 si\u0119 r\u00f3wnie\u017c wyk\u0142ad o wp\u0142ywie wytwarzania energii na \u015brodowisko. Wydarzenie zako\u0144czy\u0142a dyskusja panelowa pomi\u0119dzy aktywist\u0105 klimatycznym, specjalistami z zakresu fizyki j\u0105drowej, geologii.<\/p>\n<p>Dla odwiedzaj\u0105cych nas uczni\u00f3w studenci kierunk\u00f3w Fizyka, Biofizyka, Fizyka Medyczna oraz Informatyka Stosowana przygotowali stoiska kierunkowe, gdzie mo\u017cna by\u0142o pozna\u0107 specyfik\u0119 studi\u00f3w na danym kierunku.<\/p>\n<p>Zach\u0119camy do wys\u0142uchania wyk\u0142ad\u00f3w i dyskusji \u2013 linki do poszczeg\u00f3lnych materia\u0142\u00f3w wideo mo\u017cna znale\u017a\u0107 w zak\u0142adce Program, lub do ca\u0142ego wydarzenia w zak\u0142adce Transmisja.<\/p>\n<\/div>\r\n                    <\/div>\r\n                <\/div>[\/vc_column][\/vc_row]<\/p>","protected":false},"excerpt":{"rendered":"<p>[vc_row][vc_column][\/vc_column][\/vc_row] [&#8230;]<\/p>\n<p><a class=\"btn btn-secondary understrap-read-more-link\" href=\"https:\/\/us.edu.pl\/instytut\/ifiz\/energia-dla-wszystkich-2022\/podsumowanie\/\">Read More&#8230;<\/a><\/p>\n","protected":false},"author":104,"featured_media":0,"parent":4318,"menu_order":70,"comment_status":"closed","ping_status":"closed","template":"page-templates\/inner-page.php","meta":{"_expiration-date-status":"","_expiration-date":0,"_expiration-date-type":"","_expiration-date-categories":[],"_expiration-date-options":[]},"acf":[],"_links":{"self":[{"href":"https:\/\/us.edu.pl\/instytut\/ifiz\/wp-json\/wp\/v2\/pages\/4325"}],"collection":[{"href":"https:\/\/us.edu.pl\/instytut\/ifiz\/wp-json\/wp\/v2\/pages"}],"about":[{"href":"https:\/\/us.edu.pl\/instytut\/ifiz\/wp-json\/wp\/v2\/types\/page"}],"author":[{"embeddable":true,"href":"https:\/\/us.edu.pl\/instytut\/ifiz\/wp-json\/wp\/v2\/users\/104"}],"replies":[{"embeddable":true,"href":"https:\/\/us.edu.pl\/instytut\/ifiz\/wp-json\/wp\/v2\/comments?post=4325"}],"version-history":[{"count":0,"href":"https:\/\/us.edu.pl\/instytut\/ifiz\/wp-json\/wp\/v2\/pages\/4325\/revisions"}],"up":[{"embeddable":true,"href":"https:\/\/us.edu.pl\/instytut\/ifiz\/wp-json\/wp\/v2\/pages\/4318"}],"wp:attachment":[{"href":"https:\/\/us.edu.pl\/instytut\/ifiz\/wp-json\/wp\/v2\/media?parent=4325"}],"curies":[{"name":"wp","href":"https:\/\/api.w.org\/{rel}","templated":true}]}}