{"id":4438,"date":"2022-12-12T11:09:12","date_gmt":"2022-12-12T10:09:12","guid":{"rendered":"https:\/\/us.edu.pl\/instytut\/ifiz\/?page_id=4438"},"modified":"2022-12-12T11:13:15","modified_gmt":"2022-12-12T10:13:15","slug":"energetyka-jadrowa-duza-i-mala-w-mikscie-energetycznym-przyjaznym-ludziom-i-srodowisku","status":"publish","type":"page","link":"https:\/\/us.edu.pl\/instytut\/ifiz\/energetyka-jadrowa-duza-i-mala-w-mikscie-energetycznym-przyjaznym-ludziom-i-srodowisku\/","title":{"rendered":"Energetyka j\u0105drowa, du\u017ca i ma\u0142a, w mik\u015bcie energetycznym przyjaznym ludziom i \u015brodowisku"},"content":{"rendered":"<p>[vc_row el_class=&#8221;container&#8221;][vc_column][vc_row_inner][vc_column_inner width=&#8221;1\/4&#8243;][vc_single_image image=&#8221;4439&#8243; img_size=&#8221;large&#8221; alignment=&#8221;center&#8221; style=&#8221;vc_box_circle_2&#8243; onclick=&#8221;link_image&#8221;]\r\n                <div class=\"text-modules\">\r\n                    <div class=\"container\">\r\n                        \r\n                        <div class=\"text-modules__content\"><\/p>\n<p style=\"text-align: center;\">prof. Wac\u0142aw Gudowski<\/p>\n<p>\n<\/div>\r\n                    <\/div>\r\n                <\/div>[\/vc_column_inner][vc_column_inner width=&#8221;3\/4&#8243;]\r\n                <div class=\"text-modules\">\r\n                    <div class=\"container\">\r\n                        <h3 class=\"page-title text__title\">Energetyka j\u0105drowa, du\u017ca i ma\u0142a, w mik\u015bcie energetycznym przyjaznym ludziom i \u015brodowisku<\/h3>\r\n                        <div class=\"text-modules__content\"><p>\u015awiat, Europa i Polska stoj\u0105 przed bardzo trudnym zadaniem transformacji energetycznej polegaj\u0105cej na stopniowym i nieuniknionym przej\u015bciu na bezemisyjne \u017ar\u00f3d\u0142a energii. Musimy ograniczy\u0107 emisj\u0119 dwutlenku w\u0119gla, innych gaz\u00f3w cieplarnianych i zanieczyszcze\u0144 powietrza (PM2.5 i PM10) zgodnie z zaleceniami nauki i zdrowego rozs\u0105dku. Transformacja energetyczna, nazywana w zbyt uproszczony spos\u00f3b \u201edekarbonizacj\u0105\u201d powinna i musi przebiega\u0107 w spos\u00f3b CA\u0141O\u015aCIOWY wytwarzanie energii elektrycznej, ciep\u0142ownictwo przemys\u0142owe\/sieciowe i transport powinny mie\u0107 wsp\u00f3ln\u0105 strategi\u0119 transformacji! Optymalny miks energetyczny \u2013 OZE + \u201eatom\u201d jest mo\u017cliwy do wypracowania. Ponadto system oparty na wodorze mo\u017ce sta\u0107 si\u0119 wsp\u00f3lnym mianownikiem d\u0142ugoterminowej strategii transformacji energetycznej. Program energetyki j\u0105drowej, tej du\u017cej i ma\u0142ej opartej na SMR-ach jest bardzo wa\u017cnym sk\u0142adnikiem transformacji ca\u0142ego polskiego systemu energetycznego.<\/p>\n<\/div>\r\n                    <\/div>\r\n                <\/div>[vc_separator color=&#8221;blue&#8221;]\r\n                <div class=\"text-modules\">\r\n                    <div class=\"container\">\r\n                        <h3 class=\"page-title text__title\">Biogram<\/h3>\r\n                        <div class=\"text-modules__content\"><p>Profesor Wac\u0142aw Gudowski &#8211; absolwent Akademii G\u00f3rniczo-Hutniczej w Krakowie (magister in\u017cynier elektrotechniki ze specjalno\u015bci\u0105 techniczna fizyka j\u0105drowa). Profesor fizyki neutronowej i fizyki reaktor\u00f3w w Kr\u00f3lewskim Instytucie Technologicznym \u2013 KTH, Sztokholm, Szwecja. Profesor w Narodowym Centrum Bada\u0144 J\u0105drowych, \u015awierk. Doradca Orlen Synthos Green Energy ds Energetyki. Cz\u0142onek Szwedzkiej Kr\u00f3lewskiej Akademii Nauk Inzynieryjnych &#8211; IVA.<\/p>\n<p>By\u0142y dyrektor Dyrektor Centrum Technologii J\u0105drowej (CEKERT) w Kr\u00f3lewskim Instytucie Technologicznym, Sztokholm 2006-2011 Zast\u0119pca Dyrekora w International Science and Technology Center (ISTC) w Moskwie, centrum analiz, bada\u0144 i monitorowania nierozprzestrzeniania broni masowego ra\u017cenia.<br \/>\nAutor ponad 100 szeroko cytowanych publikacji w dziedzinie reaktor\u00f3w j\u0105drowych, transmutacji odpad\u00f3w radioaktywnych i rozpraszania neutron\u00f3w.<br \/>\nOd po\u0142owy lat 70-ych prowadzi\u0142 badania w dziedzinie konstrukcji i zastosowa\u0144 reaktor\u00f3w wysokotemperaturowych oraz w bardzo innowacyjnej na tamte czasy dziedzinie zastosowania sztucznej inteligencj (AI) do sterowania reaktorami wyskotemperaturowymi.<br \/>\nJeden z pionier\u00f3w \u015bwiatowych bada\u0144 nad podkrytycznymi systemami sterowanymi akceleratorem (ADS) dla transmutacji odpad\u00f3w radioaktywnych i ekpert w dziedzinie reaktor\u00f3w IV generacji. Pracuje nad rozwojem Ma\u0142ych Modularnych Reaktor\u00f3w (SMR). Ekspert w dziedzinie nierozprzestrzeniania i demonta\u017cu broni masowego ra\u017cenia.<br \/>\nW 1997 pracownik naukowy w Los Alamos National Laboratory i ekspert Departamentu Energii USA. W 2003 i 2005 &#8211; mi\u0119dzynarodowy ekspert Parlamentu Francuskiego w dziedzinie energetyki j\u0105drowej i odpad\u00f3w j\u0105drowych.<\/p>\n<\/div>\r\n                    <\/div>\r\n                <\/div>[\/vc_column_inner][\/vc_row_inner][\/vc_column][\/vc_row]<\/p>","protected":false},"excerpt":{"rendered":"<p>[vc_row el_class=&#8221;container&#8221;][vc_column][vc_row_inner][vc_column_inner width=&#8221;1\/4&#8243;][vc_single_image image=&#8221;4439&#8243; img_size=&#8221;large&#8221; alignment=&#8221;center&#8221; style=&#8221;vc_box_circle_2&#8243; onclick=&#8221;link_image&#8221;][\/vc_column_inner][vc_column_inner width=&#8221;3\/4&#8243;][vc_separator color=&#8221;blue&#8221;][\/vc_column_inner][\/vc_row_inner][\/vc_column][\/vc_row] [&#8230;]<\/p>\n<p><a class=\"btn btn-secondary understrap-read-more-link\" href=\"https:\/\/us.edu.pl\/instytut\/ifiz\/energetyka-jadrowa-duza-i-mala-w-mikscie-energetycznym-przyjaznym-ludziom-i-srodowisku\/\">Read More&#8230;<\/a><\/p>\n","protected":false},"author":104,"featured_media":0,"parent":0,"menu_order":530,"comment_status":"closed","ping_status":"closed","template":"","meta":{"_expiration-date-status":"","_expiration-date":0,"_expiration-date-type":"","_expiration-date-categories":[],"_expiration-date-options":[]},"acf":[],"_links":{"self":[{"href":"https:\/\/us.edu.pl\/instytut\/ifiz\/wp-json\/wp\/v2\/pages\/4438"}],"collection":[{"href":"https:\/\/us.edu.pl\/instytut\/ifiz\/wp-json\/wp\/v2\/pages"}],"about":[{"href":"https:\/\/us.edu.pl\/instytut\/ifiz\/wp-json\/wp\/v2\/types\/page"}],"author":[{"embeddable":true,"href":"https:\/\/us.edu.pl\/instytut\/ifiz\/wp-json\/wp\/v2\/users\/104"}],"replies":[{"embeddable":true,"href":"https:\/\/us.edu.pl\/instytut\/ifiz\/wp-json\/wp\/v2\/comments?post=4438"}],"version-history":[{"count":0,"href":"https:\/\/us.edu.pl\/instytut\/ifiz\/wp-json\/wp\/v2\/pages\/4438\/revisions"}],"wp:attachment":[{"href":"https:\/\/us.edu.pl\/instytut\/ifiz\/wp-json\/wp\/v2\/media?parent=4438"}],"curies":[{"name":"wp","href":"https:\/\/api.w.org\/{rel}","templated":true}]}}