{"id":4975,"date":"2024-06-17T13:10:51","date_gmt":"2024-06-17T11:10:51","guid":{"rendered":"https:\/\/us.edu.pl\/instytut\/ifiz\/?page_id=4975"},"modified":"2024-06-27T11:49:46","modified_gmt":"2024-06-27T09:49:46","slug":"xix-seminarium-krakowsko-katowickie-fizyki-fazy-skondensowanej","status":"publish","type":"page","link":"https:\/\/us.edu.pl\/instytut\/ifiz\/xix-seminarium-krakowsko-katowickie-fizyki-fazy-skondensowanej\/","title":{"rendered":"XIX Seminarium Krakowsko-Katowickie Fizyki Fazy Skondensowanej"},"content":{"rendered":"<p>[vc_row el_class=&#8221;container&#8221;][vc_column width=&#8221;2\/3&#8243;][vc_single_image image=&#8221;4989&#8243; img_size=&#8221;full&#8221; alignment=&#8221;center&#8221;][\/vc_column][vc_column width=&#8221;1\/3&#8243;][vc_single_image image=&#8221;4997&#8243; img_size=&#8221;medium&#8221; alignment=&#8221;center&#8221; onclick=&#8221;link_image&#8221;][\/vc_column][\/vc_row][vc_row el_class=&#8221;container&#8221;][vc_column width=&#8221;2\/3&#8243; el_id=&#8221;container&#8221;]\r\n                <div class=\"text-modules\">\r\n                    <div class=\"container\">\r\n                        <h3 class=\"page-title text__title\">Zaproszenie do uczestnictwa<\/h3>\r\n                        <div class=\"text-modules__content\"><p>Serdecznie zapraszamy\u00a0 do uczestnictwa w XIX Seminarium Krakowsko &#8211; Katowickim Fizyki Fazy Skondensowanej, kt\u00f3re odb\u0119dzie si\u0119 w dniu 28 czerwca 2024 w g\u0142\u00f3wnym budynku SMCEBI w Chorzowie. Obecna edycja corocznych spotka\u0144 fizyk\u00f3w prowadz\u0105cych badania z zakresu fizyki fazy skondensowanej oraz innych obszar\u00f3w nauki, w kt\u00f3rych wykorzystywana jest specjalistyczna aparatura naukowa, organizowana jest przez Instytut Fizyki Uniwersytetu \u015al\u0105skiego w Katowicach (kampus w Chorzowie).<\/p>\n<p>W trakcie trwania XIX Seminarium Katowicko-Krakowskiego b\u0119dzie mo\u017cna zapozna\u0107 si\u0119 z aktualnie prowadzonymi badaniami obejmuj\u0105cymi zagadnienia zwi\u0105zane z w\u0142asno\u015bciami strukturalnymi i magnetycznymi stop\u00f3w oraz zwi\u0105zk\u00f3w mi\u0119dzymetalicznych, a tak\u017ce innymi tematami interdyscyplinarnymi z zakresu fizyki molekularnej, materii mi\u0119kkiej, biofizyki i fizyki medycznej. Do udzia\u0142u w seminarium zapraszamy pracownik\u00f3w, doktorant\u00f3w oraz student\u00f3w, kt\u00f3rzy b\u0119d\u0105 mieli mo\u017cliwo\u015b\u0107 zaprezentowa\u0107 rezultaty prowadzonych przez siebie bada\u0144 naukowych. Uzyskane wyniki b\u0119dzie mo\u017cna przedstawi\u0107 w postaci kr\u00f3tkiego referatu lub na plakacie podczas sesji posterowej. Tegoroczne spotkanie fizyk\u00f3w b\u0119dzie mia\u0142o charakter mi\u0119dzynarodowy, st\u0105d te\u017c serdecznie zapraszamy do zaprezentowania swoich bada\u0144 tak\u017ce doktorant\u00f3w i student\u00f3w z innych kraj\u00f3w, prowadz\u0105cych swoje badania obejmuj\u0105ce tematyk\u0119 zwi\u0105zan\u0105 z fizyk\u0105 na Uniwersytecie \u015al\u0105skim. Podczas trwania seminarium b\u0119dzie tak\u017ce mo\u017cliwo\u015b\u0107 do przeprowadzenia dyskusji ze specjalistami w swoim obszarze zainteresowa\u0144.<\/p>\n<\/div>\r\n                    <\/div>\r\n                <\/div>\r\n                <div class=\"text-modules\">\r\n                    <div class=\"container\">\r\n                        <h3 class=\"page-title text__title\">Rejestracja wystapie\u0144<\/h3>\r\n                        <div class=\"text-modules__content\"><p><a href=\"https:\/\/formularze.us.edu.pl\/form\/index\/5369\">https:\/\/formularze.us.edu.pl\/form\/index\/5369<\/a><\/p>\n<\/div>\r\n                    <\/div>\r\n                <\/div>\r\n                <div class=\"text-modules\">\r\n                    <div class=\"container\">\r\n                        <h3 class=\"page-title text__title\">Harmonogram seminarium<\/h3>\r\n                        <div class=\"text-modules__content\"><p><a href=\"https:\/\/us.edu.pl\/instytut\/ifiz\/wp-content\/uploads\/sites\/39\/Seminarium_Krak-Kat\/OK-Harmonogram-XIX-Seminarium-Krakowsko-Katowickiego.pdf\" class=\"mtli_attachment mtli_pdf\" data-mtli=\"mtli_filesize132,74kB\" class=\"mtli_attachment mtli_pdf\" data-mtli=\"mtli_filesize132,74kB\">Harmonogram seminarium (pdf)<\/a><\/p>\n<style type=\"text\/css\">a[data-mtli~=\"mtli_filesize132,74kB\"]:after {content:\" (132,74 kB)\"}<\/style><\/div>\r\n                    <\/div>\r\n                <\/div>\r\n                <div class=\"text-modules\">\r\n                    <div class=\"container\">\r\n                        <h3 class=\"page-title text__title\">Krakowsko-Katowickie Seminarium Fizyki Fazy Skondensowanej (rys historyczny)<\/h3>\r\n                        <div class=\"text-modules__content\"><p>Krakowsko &#8211; Katowickie Seminarium to odbywaj\u0105ce si\u0119 naprzemiennie od 2002 roku cykliczne (z kr\u00f3tk\u0105 przerw\u0105 zwi\u0105zan\u0105 z okresem pandemii) spotkanie naukowe; w jednym roku organizowane jest przez stron\u0119 katowick\u0105, w kolejnym przez stron\u0119 krakowsk\u0105. Podczas trwania pierwszego seminarium odbywaj\u0105cego si\u0119 w Katowicach, z uwagi na wzajemne kontakty naukowe oraz blisko\u015b\u0107 obu o\u015brodk\u00f3w narodzi\u0142 si\u0119 pomys\u0142 corocznych spotka\u0144, kt\u00f3ry zosta\u0142 zaproponowany przez Pani\u0105 Profesor Alicj\u0119 Ratuszn\u0105. Idea cyklicznych spotka\u0144 fizyk\u00f3w wywodz\u0105cych si\u0119 ze \u015brodowiska krakowskiego i katowickiego uzyska\u0142a akceptacj\u0119 \u00f3wczesnego Kierownika Katedry Wydzia\u0142u Fizyki, Astronomii i Informatyki Stosowanej Uniwersytetu Jagiello\u0144skiego, Pana Profesora Andrzeja Szytu\u0142y. W trakcie odbywaj\u0105cych si\u0119 spotka\u0144 uczestniczy\u0142o w nim wielu wybitnych fizyk\u00f3w z r\u00f3\u017cnych o\u015brodk\u00f3w naukowych.<br \/>\nSeminarium pocz\u0105tkowo ograniczone by\u0142o jedynie do prezentacji wynik\u00f3w z zakresu fizyki fazy skondensowanej, jednak z czasem tematyka zosta\u0142a mocno rozszerzona o inne dzia\u0142y nauki powi\u0105zane z dziedzin\u0105 fizyki.<br \/>\nDo tej pory odby\u0142o si\u0119 18 spotka\u0144 naukowych, na kt\u00f3rych prezentowany by\u0142y zagadnienia obejmuj\u0105ce szeroko poj\u0119t\u0105 analiz\u0119 w\u0142asno\u015bci fizyko-chemicznych badanych materia\u0142\u00f3w, takich jak: w\u0142a\u015bciwo\u015bci elektryczne i magnetyczne materia\u0142\u00f3w tlenkowych (multi-ferroik\u00f3w) i zwi\u0105zk\u00f3w mi\u0119dzymetalicznych, badania w\u0142asno\u015bci dielektrycznych mi\u0119kkiej materii: ciek\u0142ych kryszta\u0142\u00f3w, polimer\u00f3w, badania w\u0142asno\u015bci materia\u0142\u00f3w mezoskopowych oraz biomateria\u0142\u00f3w.<br \/>\nOrganizowane corocznie seminaria odbywa\u0142y si\u0119 nie tylko w macierzystych o\u015brodkach naukowych Uniwersytetu Jagiello\u0144skiego i \u015al\u0105skiego. Trzy spotkania odby\u0142y si\u0119 w innym miejscu, dwa w Rychwa\u0142dzie (organizowane przez U\u015a w roku 2006 i 2010) oraz jedno w Zakopanem (organizowane przez UJ w roku 2007). W ramach seminari\u00f3w prezentowano wyniki bada\u0144 w postaci referat\u00f3w ustnych i poster\u00f3w a liczba uczestnicz\u0105cych os\u00f3b \u015bwiadczy\u0142a, \u017ce seminaria cieszy\u0142y si\u0119 du\u017cym zainteresowaniem. W kolejnych latach do grona uczestnik\u00f3w spotkania do\u0142\u0105czyli nasi koledzy z innych jednostek naukowych oraz katedr uniwersyteckich. Wa\u017cnym elementem seminari\u00f3w by\u0142o umo\u017cliwienie naszym m\u0142odszym kolegom; magistrantom i doktorantom prezentacji wynik\u00f3w swoich bada\u0144. Szczeg\u00f3ln\u0105 popularno\u015bci\u0105 cieszy\u0142y si\u0119 sesje plakatowe, w trakcie kt\u00f3rych prowadzone by\u0142y o\u017cywione dyskusje. Seminaria by\u0142y miejscem nawi\u0105zania kontakt\u00f3w naukowych, czego efektem by\u0142y wsp\u00f3lne publikacje.<\/p>\n<p>Prosimy zarejestrowanie swojego udzia\u0142u w XIX Seminarium Fizyki Fazy Skondensowanej korzystaj\u0105c z powy\u017cszego linku do formularza rejestracyjnego. Prosimy o podanie tytu\u0142u, autor\u00f3w prezentacji lub plakatu wraz z podaniem afiliacji os\u00f3b odpowiednio wpisuj\u0105cych zg\u0142oszenie.<\/p>\n<p>W tabeli znajduj\u0105 si\u0119 dane statystyczne wskazuj\u0105ce na liczb\u0119 prezentacji oraz plakat\u00f3w w poszczeg\u00f3lnych latach.<\/p>\n<\/div>\r\n                    <\/div>\r\n                <\/div>[vc_gallery interval=&#8221;10&#8243; images=&#8221;4998,4996&#8243; img_size=&#8221;large&#8221;]\r\n                <div class=\"text-modules\">\r\n                    <div class=\"container\">\r\n                        \r\n                        <div class=\"text-modules__content\"><\/p>\n<table style=\"height: 360px; width: 50.9223%; border-collapse: collapse; border-style: solid; border-color: #000000;\" border=\"solid\">\n<tbody>\n<tr style=\"height: 18px;\">\n<th style=\"width: 101.678%; height: 18px;\" colspan=\"3\">Ilo\u015b\u0107 prezentowanych referat\u00f3w oraz prelekcji w poszczeg\u00f3lnych latach, oryginalnie prezentowana na stronie:<\/p>\n<p><a href=\"https:\/\/zfcs.if.uj.edu.pl\/conferences\">https:\/\/zfcs.if.uj.edu.pl\/conferences<\/a><\/th>\n<\/tr>\n<tr style=\"height: 18px;\">\n<td style=\"width: 29.698%; height: 18px; text-align: center;\">rok<\/td>\n<td style=\"width: 31.7114%; height: 18px; text-align: center;\">Liczba referat\u00f3w<\/td>\n<td style=\"width: 40.2685%; height: 18px; text-align: center;\">Liczba plakat\u00f3w<\/td>\n<\/tr>\n<tr style=\"height: 18px;\">\n<td style=\"width: 29.698%; height: 18px; text-align: center;\">2002<\/td>\n<td style=\"width: 31.7114%; height: 18px; text-align: center;\">10<\/td>\n<td style=\"width: 40.2685%; height: 18px; text-align: center;\">10<\/td>\n<\/tr>\n<tr style=\"height: 18px;\">\n<td style=\"width: 29.698%; height: 18px; text-align: center;\">2003<\/td>\n<td style=\"width: 31.7114%; height: 18px; text-align: center;\">13<\/td>\n<td style=\"width: 40.2685%; height: 18px; text-align: center;\">34<\/td>\n<\/tr>\n<tr style=\"height: 18px;\">\n<td style=\"width: 29.698%; height: 18px; text-align: center;\">2004<\/td>\n<td style=\"width: 31.7114%; height: 18px; text-align: center;\">15<\/td>\n<td style=\"width: 40.2685%; height: 18px; text-align: center;\"><\/td>\n<\/tr>\n<tr style=\"height: 18px;\">\n<td style=\"width: 29.698%; height: 18px; text-align: center;\">2005<\/td>\n<td style=\"width: 31.7114%; height: 18px; text-align: center;\">16<\/td>\n<td style=\"width: 40.2685%; height: 18px; text-align: center;\">36<\/td>\n<\/tr>\n<tr style=\"height: 18px;\">\n<td style=\"width: 29.698%; height: 18px; text-align: center;\">2006<\/td>\n<td style=\"width: 31.7114%; height: 18px; text-align: center;\">37<\/td>\n<td style=\"width: 40.2685%; height: 18px; text-align: center;\"><\/td>\n<\/tr>\n<tr style=\"height: 18px;\">\n<td style=\"width: 29.698%; height: 18px; text-align: center;\">2007<\/td>\n<td style=\"width: 31.7114%; height: 18px; text-align: center;\">35<\/td>\n<td style=\"width: 40.2685%; height: 18px; text-align: center;\"><\/td>\n<\/tr>\n<tr style=\"height: 18px;\">\n<td style=\"width: 29.698%; height: 18px; text-align: center;\">2008<\/td>\n<td style=\"width: 31.7114%; height: 18px; text-align: center;\">b.d.<\/td>\n<td style=\"width: 40.2685%; height: 18px; text-align: center;\"><\/td>\n<\/tr>\n<tr style=\"height: 18px;\">\n<td style=\"width: 29.698%; height: 18px; text-align: center;\">2009<\/td>\n<td style=\"width: 31.7114%; height: 18px; text-align: center;\">b.d.<\/td>\n<td style=\"width: 40.2685%; height: 18px; text-align: center;\"><\/td>\n<\/tr>\n<tr style=\"height: 18px;\">\n<td style=\"width: 29.698%; height: 18px; text-align: center;\">2010<\/td>\n<td style=\"width: 31.7114%; height: 18px; text-align: center;\">31<\/td>\n<td style=\"width: 40.2685%; height: 18px; text-align: center;\"><\/td>\n<\/tr>\n<tr style=\"height: 18px;\">\n<td style=\"width: 29.698%; height: 18px; text-align: center;\">2012<\/td>\n<td style=\"width: 31.7114%; height: 18px; text-align: center;\">9<\/td>\n<td style=\"width: 40.2685%; height: 18px; text-align: center;\">29<\/td>\n<\/tr>\n<tr style=\"height: 18px;\">\n<td style=\"width: 29.698%; height: 18px; text-align: center;\">2013<\/td>\n<td style=\"width: 31.7114%; height: 18px; text-align: center;\">21<\/td>\n<td style=\"width: 40.2685%; height: 18px; text-align: center;\">18<\/td>\n<\/tr>\n<tr style=\"height: 18px;\">\n<td style=\"width: 29.698%; height: 18px; text-align: center;\">2016<\/td>\n<td style=\"width: 31.7114%; height: 18px; text-align: center;\">21<\/td>\n<td style=\"width: 40.2685%; height: 18px; text-align: center;\">11<\/td>\n<\/tr>\n<tr style=\"height: 18px;\">\n<td style=\"width: 29.698%; height: 18px; text-align: center;\">2017<\/td>\n<td style=\"width: 31.7114%; height: 18px; text-align: center;\">29<\/td>\n<td style=\"width: 40.2685%; height: 18px; text-align: center;\">17<\/td>\n<\/tr>\n<tr style=\"height: 18px;\">\n<td style=\"width: 29.698%; height: 18px; text-align: center;\">2018<\/td>\n<td style=\"width: 31.7114%; height: 18px; text-align: center;\">19<\/td>\n<td style=\"width: 40.2685%; height: 18px; text-align: center;\"><\/td>\n<\/tr>\n<tr style=\"height: 18px;\">\n<td style=\"width: 29.698%; height: 18px; text-align: center;\">2019<\/td>\n<td style=\"width: 31.7114%; height: 18px; text-align: center;\">20<\/td>\n<td style=\"width: 40.2685%; height: 18px; text-align: center;\">20<\/td>\n<\/tr>\n<tr style=\"height: 18px;\">\n<td style=\"width: 29.698%; height: 18px; text-align: center;\">2022<\/td>\n<td style=\"width: 31.7114%; height: 18px; text-align: center;\">4<\/td>\n<td style=\"width: 40.2685%; height: 18px; text-align: center;\">20<\/td>\n<\/tr>\n<tr style=\"height: 18px;\">\n<td style=\"width: 29.698%; height: 18px; text-align: center;\">2023<\/td>\n<td style=\"width: 31.7114%; height: 18px; text-align: center;\">8<\/td>\n<td style=\"width: 40.2685%; height: 18px; text-align: center;\">14<\/td>\n<\/tr>\n<tr style=\"height: 18px;\">\n<td style=\"width: 29.698%; height: 18px; text-align: center;\">2024<\/td>\n<td style=\"width: 31.7114%; height: 18px; text-align: center;\"><\/td>\n<td style=\"width: 40.2685%; height: 18px; text-align: center;\"><\/td>\n<\/tr>\n<\/tbody>\n<\/table>\n<p>Legenda: b.d. &#8211; brak danych<\/p>\n<\/div>\r\n                    <\/div>\r\n                <\/div>[\/vc_column][vc_column width=&#8221;1\/3&#8243;][vc_single_image image=&#8221;4987&#8243; img_size=&#8221;medium&#8221; alignment=&#8221;center&#8221;][vc_single_image image=&#8221;4977&#8243; img_size=&#8221;large&#8221; alignment=&#8221;center&#8221;][\/vc_column][\/vc_row]<\/p>\n<style type=\"text\/css\">a[data-mtli~=\"mtli_filesize132,74kB\"]:after {content:\" (132,74 kB)\"}<\/style>","protected":false},"excerpt":{"rendered":"<p>[vc_row el_class=&#8221;container&#8221;][vc_column width=&#8221;2\/3&#8243;][vc_single_image image=&#8221;4989&#8243; img_size=&#8221;full&#8221; alignment=&#8221;center&#8221;][\/vc_column][vc_column width=&#8221;1\/3&#8243;][vc_single_image image=&#8221;4997&#8243; img_size=&#8221;medium&#8221; alignment=&#8221;center&#8221; onclick=&#8221;link_image&#8221;][\/vc_column][\/vc_row][vc_row el_class=&#8221;container&#8221;][vc_column width=&#8221;2\/3&#8243; el_id=&#8221;container&#8221;][vc_gallery interval=&#8221;10&#8243; images=&#8221;4998,4996&#8243; img_size=&#8221;large&#8221;][\/vc_column][vc_column width=&#8221;1\/3&#8243;][vc_single_image image=&#8221;4987&#8243; img_size=&#8221;medium&#8221; alignment=&#8221;center&#8221;][vc_single_image image=&#8221;4977&#8243; img_size=&#8221;large&#8221; alignment=&#8221;center&#8221;][\/vc_column][\/vc_row] [&#8230;]<\/p>\n<p><a class=\"btn btn-secondary understrap-read-more-link\" href=\"https:\/\/us.edu.pl\/instytut\/ifiz\/xix-seminarium-krakowsko-katowickie-fizyki-fazy-skondensowanej\/\">Read More&#8230;<\/a><\/p>\n","protected":false},"author":104,"featured_media":0,"parent":0,"menu_order":210,"comment_status":"closed","ping_status":"closed","template":"","meta":{"_expiration-date-status":"","_expiration-date":0,"_expiration-date-type":"","_expiration-date-categories":[],"_expiration-date-options":[]},"acf":[],"_links":{"self":[{"href":"https:\/\/us.edu.pl\/instytut\/ifiz\/wp-json\/wp\/v2\/pages\/4975"}],"collection":[{"href":"https:\/\/us.edu.pl\/instytut\/ifiz\/wp-json\/wp\/v2\/pages"}],"about":[{"href":"https:\/\/us.edu.pl\/instytut\/ifiz\/wp-json\/wp\/v2\/types\/page"}],"author":[{"embeddable":true,"href":"https:\/\/us.edu.pl\/instytut\/ifiz\/wp-json\/wp\/v2\/users\/104"}],"replies":[{"embeddable":true,"href":"https:\/\/us.edu.pl\/instytut\/ifiz\/wp-json\/wp\/v2\/comments?post=4975"}],"version-history":[{"count":0,"href":"https:\/\/us.edu.pl\/instytut\/ifiz\/wp-json\/wp\/v2\/pages\/4975\/revisions"}],"wp:attachment":[{"href":"https:\/\/us.edu.pl\/instytut\/ifiz\/wp-json\/wp\/v2\/media?parent=4975"}],"curies":[{"name":"wp","href":"https:\/\/api.w.org\/{rel}","templated":true}]}}