{"id":195,"date":"2020-06-03T14:09:55","date_gmt":"2020-06-03T12:09:55","guid":{"rendered":"https:\/\/us.edu.pl\/instytut\/inpr\/?page_id=195"},"modified":"2024-08-20T09:52:20","modified_gmt":"2024-08-20T07:52:20","slug":"centra-badawcze","status":"publish","type":"page","link":"https:\/\/us.edu.pl\/instytut\/inpr\/nauka-i-badania\/centra-badawcze\/","title":{"rendered":"Centra badawcze"},"content":{"rendered":"<p>[vc_row][vc_column]\r\n                <div class=\"text-modules\">\r\n                    <div class=\"container\">\r\n                        <h3 class=\"page-title text__title\">Centra badawcze<\/h3>\r\n                        <div class=\"text-modules__content\"><\/div>\r\n                    <\/div>\r\n                <\/div>\r\n\r\n            <div class=\"blocks\" style=\"text-align: center\">\r\n               <div class=\"container\">\r\n                  \r\n                  <div class=\"row m-0 blocks_3\">\r\n                  \r\n                     <a href=\"https:\/\/www.centrumprawakonkurencji.us.edu.pl\/\" class=\"thumbnail blocks__item\" style=\"background-image: url(https:\/\/us.edu.pl\/instytut\/inpr\/wp-content\/uploads\/sites\/53\/Nauka-i-badania\/Centra-badawcze\/sektorowych.jpg)\">\r\n                        <span>wi\u0119cej<\/span>\r\n                        <div class=\"blocks__bottom\">\r\n                        <div class=\"blocks__title\">Centrum Badawcze Publicznego Prawa Konkurencji i Regulacji Sektorowych<\/div>\r\n                        \r\n                        <\/div>\r\n                     <\/a>\r\n                  \r\n                     <a href=\"https:\/\/www.lawinstyle.us.edu.pl\/\" class=\"thumbnail blocks__item\" style=\"background-image: url(https:\/\/us.edu.pl\/instytut\/inpr\/wp-content\/uploads\/sites\/53\/Nauka-i-badania\/Centra-badawcze\/reklamy.jpg)\">\r\n                        <span>wi\u0119cej<\/span>\r\n                        <div class=\"blocks__bottom\">\r\n                        <div class=\"blocks__title\">Centrum Prawa Designu, Mody i Reklamy<\/div>\r\n                        \r\n                        <\/div>\r\n                     <\/a>\r\n                  \r\n                     <a href=\"https:\/\/www.cbpr.us.edu.pl\/pl\" class=\"thumbnail blocks__item\" style=\"background-image: url(https:\/\/us.edu.pl\/instytut\/inpr\/wp-content\/uploads\/sites\/53\/Nauka-i-badania\/Centra-badawcze\/regulacyjnych.jpg)\">\r\n                        <span>wi\u0119cej<\/span>\r\n                        <div class=\"blocks__bottom\">\r\n                        <div class=\"blocks__title\">Centrum Badawcze Polityki Publicznej i Problem\u00f3w Regulacyjnych<\/div>\r\n                        \r\n                        <\/div>\r\n                     <\/a>\r\n                  \r\n                     <a href=\"https:\/\/us.edu.pl\/centra-badawcze\/cyberscience\/\" class=\"thumbnail blocks__item\" style=\"background-image: url(https:\/\/us.edu.pl\/instytut\/inpr\/wp-content\/uploads\/sites\/53\/Nauka-i-badania\/Centra-badawcze\/science.jpg)\">\r\n                        <span>wi\u0119cej<\/span>\r\n                        <div class=\"blocks__bottom\">\r\n                        <div class=\"blocks__title\">\u015al\u0105skie Centrum In\u017cynierii Prawa, Technologii i Kompetencji Cyfrowych CYBER SCIENCE<\/div>\r\n                        \r\n                        <\/div>\r\n                     <\/a>\r\n                  \r\n                     <a href=\"https:\/\/us.edu.pl\/centra-badawcze\/icbws\/\" class=\"thumbnail blocks__item\" style=\"background-image: url(https:\/\/us.edu.pl\/instytut\/inpr\/wp-content\/uploads\/sites\/53\/Nauka-i-badania\/Centra-badawcze\/sprawiedliwosci.jpg)\">\r\n                        <span>wi\u0119cej<\/span>\r\n                        <div class=\"blocks__bottom\">\r\n                        <div class=\"blocks__title\">Interdyscyplinarne Centrum Bada\u0144 nad Wymiarem Sprawiedliwo\u015bci<\/div>\r\n                        \r\n                        <\/div>\r\n                     <\/a>\r\n                  \r\n                     <a href=\"https:\/\/us.edu.pl\/nauka-i-badania\/centra-badawcze\/centrum-badan-nad-dziedzictwem-nauki-i-praktyki-prawa\/\" class=\"thumbnail blocks__item\" style=\"background-image: url(https:\/\/us.edu.pl\/instytut\/inpr\/wp-content\/uploads\/sites\/53\/Nauka-i-badania\/Centra-badawcze\/prawa.jpg)\">\r\n                        <span>wi\u0119cej<\/span>\r\n                        <div class=\"blocks__bottom\">\r\n                        <div class=\"blocks__title\">Centrum Bada\u0144 nad Dziedzictwem Nauki i Praktyki Prawa<\/div>\r\n                        \r\n                        <\/div>\r\n                     <\/a>\r\n                  \r\n                     <a href=\"https:\/\/us.edu.pl\/nauka-i-badania\/centra-badawcze\/interdyscyplinarne-centrum-badawcze-nauk-sadowych-i-legislacji-im-prof-tadeusza-widly\/\" class=\"thumbnail blocks__item\" style=\"background-image: url(https:\/\/us.edu.pl\/instytut\/inpr\/wp-content\/uploads\/sites\/53\/Nauka-i-badania\/Centra-badawcze\/widly.jpg)\">\r\n                        <span>wi\u0119cej<\/span>\r\n                        <div class=\"blocks__bottom\">\r\n                        <div class=\"blocks__title\">Interdyscyplinarne Centrum Badawcze Nauk S\u0105dowych i Legislacji im. prof. Tadeusza Wid\u0142y<\/div>\r\n                        \r\n                        <\/div>\r\n                     <\/a><\/div>     \r\n               <\/div>\r\n            <\/div>[\/vc_column][vc_column][\/vc_column][\/vc_row]<\/p>","protected":false},"excerpt":{"rendered":"<p>[vc_row][vc_column][\/vc_column][vc_column][\/vc_column][\/vc_row] [&#8230;]<\/p>\n<p><a class=\"btn btn-secondary understrap-read-more-link\" href=\"https:\/\/us.edu.pl\/instytut\/inpr\/nauka-i-badania\/centra-badawcze\/\">Read More&#8230;<\/a><\/p>\n","protected":false},"author":107,"featured_media":0,"parent":122,"menu_order":0,"comment_status":"closed","ping_status":"closed","template":"page-templates\/inner-page.php","meta":{"_expiration-date-status":"","_expiration-date":0,"_expiration-date-type":"","_expiration-date-categories":[],"_expiration-date-options":[]},"acf":[],"_links":{"self":[{"href":"https:\/\/us.edu.pl\/instytut\/inpr\/wp-json\/wp\/v2\/pages\/195"}],"collection":[{"href":"https:\/\/us.edu.pl\/instytut\/inpr\/wp-json\/wp\/v2\/pages"}],"about":[{"href":"https:\/\/us.edu.pl\/instytut\/inpr\/wp-json\/wp\/v2\/types\/page"}],"author":[{"embeddable":true,"href":"https:\/\/us.edu.pl\/instytut\/inpr\/wp-json\/wp\/v2\/users\/107"}],"replies":[{"embeddable":true,"href":"https:\/\/us.edu.pl\/instytut\/inpr\/wp-json\/wp\/v2\/comments?post=195"}],"version-history":[{"count":10,"href":"https:\/\/us.edu.pl\/instytut\/inpr\/wp-json\/wp\/v2\/pages\/195\/revisions"}],"predecessor-version":[{"id":2071,"href":"https:\/\/us.edu.pl\/instytut\/inpr\/wp-json\/wp\/v2\/pages\/195\/revisions\/2071"}],"up":[{"embeddable":true,"href":"https:\/\/us.edu.pl\/instytut\/inpr\/wp-json\/wp\/v2\/pages\/122"}],"wp:attachment":[{"href":"https:\/\/us.edu.pl\/instytut\/inpr\/wp-json\/wp\/v2\/media?parent=195"}],"curies":[{"name":"wp","href":"https:\/\/api.w.org\/{rel}","templated":true}]}}