{"id":281,"date":"2020-07-20T11:57:50","date_gmt":"2020-07-20T09:57:50","guid":{"rendered":"https:\/\/us.edu.pl\/instytut\/inpr\/?page_id=281"},"modified":"2025-07-08T10:53:36","modified_gmt":"2025-07-08T08:53:36","slug":"kontakt-projekty","status":"publish","type":"page","link":"https:\/\/us.edu.pl\/instytut\/inpr\/nauka-i-badania\/zespol-do-spraw-projektow\/kontakt-projekty\/","title":{"rendered":"Kontakt-projekty"},"content":{"rendered":"<p>[vc_row][vc_column]\r\n                <div class=\"text-modules\">\r\n                    <div class=\"container\">\r\n                        <h3 class=\"page-title text__title\">Kontakt - projekty<\/h3>\r\n                        <div class=\"text-modules__content\"><p>Zesp\u00f3\u0142 ds. Projekt\u00f3w Wydzia\u0142u Prawa i Administracji Uniwersytetu \u015al\u0105skiego wspiera pracownik\u00f3w Wydzia\u0142u w pozyskiwaniu \u015brodk\u00f3w na badania naukowe oraz zajmuje si\u0119 bie\u017c\u0105c\u0105 obs\u0142ug\u0105 realizowanych projekt\u00f3w.<\/p>\n<p><strong>mgr in\u017c. Monika \u0141yczba<\/strong> &#8211; obs\u0142uga administracyjna projekt\u00f3w<br \/>\npok. 39, parter, budynek Wydzia\u0142u Prawa i Administracji<br \/>\ne-mail: <a href=\"mailto:monika.lyczba@us.edu.pl\">monika.lyczba@us.edu.pl<\/a><br \/>\ntel. 32 359 16 98<br \/>\nGodziny pracy: poniedzia\u0142ek-pi\u0105tek 8:00-16:00<\/p>\n<p><strong>mgr Wojciech Tymkiewicz<\/strong>\u00a0&#8211; obs\u0142uga administracyjna projekt\u00f3w<br \/>\npok. 40, parter, budynek Wydzia\u0142u Prawa i Administracji<br \/>\ne-mail: <a href=\"mailto:wojciech.tymkiewicz@us.edu.pl\">wojciech.tymkiewicz@us.edu.pl<\/a><br \/>\ntel. 32 359 20 28<br \/>\nGodziny pracy: poniedzia\u0142ek-pi\u0105tek 7:30-15:30<\/p>\n<p><strong>Eksperci:<\/strong><\/p>\n<p><strong>dr Dorota Kiebzak-Mandera<\/strong><br \/>\nOpieka merytoryczna i formalna nad projektami sk\u0142adanymi przez indywidualnych naukowc\u00f3w i zespo\u0142y badawcze do polskich (tu zw\u0142aszcza: Narodowe Centrum Nauki, Narodowa Agencja Wymiany Akademickiej, Fundacja na rzecz Nauki Polskiej) i mi\u0119dzynarodowych instytucji (w tym unijnych) finansuj\u0105cych badania i sta\u017ce naukowe; planowanie indywidualnych \u015bcie\u017cek w ubiegania si\u0119 o finansowanie projekt\u00f3w.<br \/>\ne-mail: <a href=\"mailto:dorota.kiebzak.mandera@gmail.com\">dorota.kiebzak.mandera@gmail.com<\/a><br \/>\ntel. 609\u00a0695 114<\/p>\n<\/div>\r\n                    <\/div>\r\n                <\/div>[\/vc_column][\/vc_row]<\/p>","protected":false},"excerpt":{"rendered":"<p>[vc_row][vc_column][\/vc_column][\/vc_row] [&#8230;]<\/p>\n<p><a class=\"btn btn-secondary understrap-read-more-link\" href=\"https:\/\/us.edu.pl\/instytut\/inpr\/nauka-i-badania\/zespol-do-spraw-projektow\/kontakt-projekty\/\">Read More&#8230;<\/a><\/p>\n","protected":false},"author":107,"featured_media":0,"parent":138,"menu_order":6,"comment_status":"closed","ping_status":"closed","template":"page-templates\/inner-page.php","meta":{"_expiration-date-status":"","_expiration-date":0,"_expiration-date-type":"","_expiration-date-categories":[],"_expiration-date-options":[]},"acf":[],"_links":{"self":[{"href":"https:\/\/us.edu.pl\/instytut\/inpr\/wp-json\/wp\/v2\/pages\/281"}],"collection":[{"href":"https:\/\/us.edu.pl\/instytut\/inpr\/wp-json\/wp\/v2\/pages"}],"about":[{"href":"https:\/\/us.edu.pl\/instytut\/inpr\/wp-json\/wp\/v2\/types\/page"}],"author":[{"embeddable":true,"href":"https:\/\/us.edu.pl\/instytut\/inpr\/wp-json\/wp\/v2\/users\/107"}],"replies":[{"embeddable":true,"href":"https:\/\/us.edu.pl\/instytut\/inpr\/wp-json\/wp\/v2\/comments?post=281"}],"version-history":[{"count":8,"href":"https:\/\/us.edu.pl\/instytut\/inpr\/wp-json\/wp\/v2\/pages\/281\/revisions"}],"predecessor-version":[{"id":2679,"href":"https:\/\/us.edu.pl\/instytut\/inpr\/wp-json\/wp\/v2\/pages\/281\/revisions\/2679"}],"up":[{"embeddable":true,"href":"https:\/\/us.edu.pl\/instytut\/inpr\/wp-json\/wp\/v2\/pages\/138"}],"wp:attachment":[{"href":"https:\/\/us.edu.pl\/instytut\/inpr\/wp-json\/wp\/v2\/media?parent=281"}],"curies":[{"name":"wp","href":"https:\/\/api.w.org\/{rel}","templated":true}]}}

<p>[vc_row][vc_column]
                <div class="text-modules">
                    <div class="container">
                        <h3 class="page-title text__title">Kontakt - projekty</h3>
                        <div class="text-modules__content"><p>Zespół ds. Projektów Wydziału Prawa i Administracji Uniwersytetu Śląskiego wspiera pracowników Wydziału w pozyskiwaniu środków na badania naukowe oraz zajmuje się bieżącą obsługą realizowanych projektów.</p>
<p><strong>mgr inż. Monika Łyczba</strong> &#8211; obsługa administracyjna projektów<br />
pok. 39, parter, budynek Wydziału Prawa i Administracji<br />
e-mail: <a href="mailto:monika.lyczba@us.edu.pl">monika.lyczba@us.edu.pl</a><br />
tel. 32 359 16 98<br />
Godziny pracy: poniedziałek-piątek 8:00-16:00</p>
<p><strong>mgr Wojciech Tymkiewicz</strong> &#8211; obsługa administracyjna projektów<br />
pok. 40, parter, budynek Wydziału Prawa i Administracji<br />
e-mail: <a href="mailto:wojciech.tymkiewicz@us.edu.pl">wojciech.tymkiewicz@us.edu.pl</a><br />
tel. 32 359 20 28<br />
Godziny pracy: poniedziałek-piątek 7:30-15:30</p>
<p><strong>Eksperci:</strong></p>
<p><strong>dr Dorota Kiebzak-Mandera</strong><br />
Opieka merytoryczna i formalna nad projektami składanymi przez indywidualnych naukowców i zespoły badawcze do polskich (tu zwłaszcza: Narodowe Centrum Nauki, Narodowa Agencja Wymiany Akademickiej, Fundacja na rzecz Nauki Polskiej) i międzynarodowych instytucji (w tym unijnych) finansujących badania i staże naukowe; planowanie indywidualnych ścieżek w ubiegania się o finansowanie projektów.<br />
e-mail: <a href="mailto:dorota.kiebzak.mandera@gmail.com">dorota.kiebzak.mandera@gmail.com</a><br />
tel. 609 695 114</p>
</div>
                    </div>
                </div>[/vc_column][/vc_row]</p>
