{"id":324,"date":"2020-09-08T09:41:29","date_gmt":"2020-09-08T07:41:29","guid":{"rendered":"https:\/\/us.edu.pl\/instytut\/inpr\/?page_id=324"},"modified":"2020-11-27T14:37:23","modified_gmt":"2020-11-27T13:37:23","slug":"postepowania-o-nadanie-tytulu-profesora","status":"publish","type":"page","link":"https:\/\/us.edu.pl\/instytut\/inpr\/nauka-i-badania\/awanse-naukowe\/postepowania-o-nadanie-tytulu-profesora\/","title":{"rendered":"Post\u0119powania o nadanie tytu\u0142u profesora"},"content":{"rendered":"<p>[vc_row][vc_column]\r\n\t\t\t\t<div class='container'>\r\n\t\t\t\t\t<div class='list-links list-links_'>\r\n\t\t\t\t\t\t  \r\n\t\t\t\t\t\t  <ul>\r\n\t\t\t\t\t\t\t\t<li><a href='https:\/\/www.rdn.gov.pl\/postepowanie-w-sprawie-nadania-tytulu-profesora.html'><p>Postepowania o nadanie tytu\u0142u profesora rozpocz\u0119te po 30 wrze\u015bnia 2019 r.<\/p><\/a><\/li>\r\n\t\t\t\t\t\t\t\t<li><a href='https:\/\/us.edu.pl\/instytut\/inpr\/archiwalne-postepowania-o-nadanie-tytulu-profesora\/'><p>Post\u0119powania o nadanie tytu\u0142u profesora rozpocz\u0119te przed 30 wrze\u015bnia 2019 r.<\/p><\/a><\/li><\/ul>\r\n\t\t\t\t\t<\/div>\r\n\t\t\t\t<\/div>   \r\n\t\t\t\t\t[\/vc_column][\/vc_row]<\/p>","protected":false},"excerpt":{"rendered":"<p>[vc_row][vc_column][\/vc_column][\/vc_row] [&#8230;]<\/p>\n<p><a class=\"btn btn-secondary understrap-read-more-link\" href=\"https:\/\/us.edu.pl\/instytut\/inpr\/nauka-i-badania\/awanse-naukowe\/postepowania-o-nadanie-tytulu-profesora\/\">Read More&#8230;<\/a><\/p>\n","protected":false},"author":107,"featured_media":0,"parent":142,"menu_order":0,"comment_status":"closed","ping_status":"closed","template":"page-templates\/inner-page.php","meta":{"_expiration-date-status":"saved","_expiration-date":0,"_expiration-date-type":"","_expiration-date-categories":[],"_expiration-date-options":[]},"acf":[],"_links":{"self":[{"href":"https:\/\/us.edu.pl\/instytut\/inpr\/wp-json\/wp\/v2\/pages\/324"}],"collection":[{"href":"https:\/\/us.edu.pl\/instytut\/inpr\/wp-json\/wp\/v2\/pages"}],"about":[{"href":"https:\/\/us.edu.pl\/instytut\/inpr\/wp-json\/wp\/v2\/types\/page"}],"author":[{"embeddable":true,"href":"https:\/\/us.edu.pl\/instytut\/inpr\/wp-json\/wp\/v2\/users\/107"}],"replies":[{"embeddable":true,"href":"https:\/\/us.edu.pl\/instytut\/inpr\/wp-json\/wp\/v2\/comments?post=324"}],"version-history":[{"count":4,"href":"https:\/\/us.edu.pl\/instytut\/inpr\/wp-json\/wp\/v2\/pages\/324\/revisions"}],"predecessor-version":[{"id":769,"href":"https:\/\/us.edu.pl\/instytut\/inpr\/wp-json\/wp\/v2\/pages\/324\/revisions\/769"}],"up":[{"embeddable":true,"href":"https:\/\/us.edu.pl\/instytut\/inpr\/wp-json\/wp\/v2\/pages\/142"}],"wp:attachment":[{"href":"https:\/\/us.edu.pl\/instytut\/inpr\/wp-json\/wp\/v2\/media?parent=324"}],"curies":[{"name":"wp","href":"https:\/\/api.w.org\/{rel}","templated":true}]}}

Postępowania o nadanie tytułu profesora

<p>[vc_row][vc_column]
				<div class='container'>
					<div class='list-links list-links_'>
						  
						  <ul>
								<li><a href='https://www.rdn.gov.pl/postepowanie-w-sprawie-nadania-tytulu-profesora.html'><p>Postepowania o nadanie tytułu profesora rozpoczęte po 30 września 2019 r.</p></a></li>
								<li><a href='https://us.edu.pl/instytut/inpr/archiwalne-postepowania-o-nadanie-tytulu-profesora/'><p>Postępowania o nadanie tytułu profesora rozpoczęte przed 30 września 2019 r.</p></a></li></ul>
					</div>
				</div>   
					[/vc_column][/vc_row]</p>
